of 1276419?
1
What is the thousands digit of 8855478?
5
What is the hundreds digit of 3093803?
8
What is the tens digit of 54179?
7
What is the hundred thousands digit of 423694?
4
What is the hundreds digit of 1565977?
9
What is the tens digit of 44518?
1
What is the hundred thousands digit of 951763?
9
What is the thousands digit of 3881832?
1
What is the units digit of 3971157?
7
What is the hundreds digit of 2773338?
3
What is the thousands digit of 740008?
0
What is the hundred thousands digit of 5715556?
7
What is the millions digit of 3154050?
3
What is the ten thousands digit of 140295?
4
What is the ten millions digit of 19416565?
1
What is the hundreds digit of 190851?
8
What is the tens digit of 1363102?
0
What is the tens digit of 15989901?
0
What is the units digit of 9284562?
2
What is the ten thousands digit of 1790390?
9
What is the hundreds digit of 16908334?
3
What is the tens digit of 111029?
2
What is the units digit of 110935?
5
What is the thousands digit of 86877?
6
What is the millions digit of 1009546?
1
What is the thousands digit of 559299?
9
What is the units digit of 8704244?
4
What is the ten thousands digit of 1324313?
2
What is the ten thousands digit of 1309597?
0
What is the hundred thousands digit of 368667?
3
What is the units digit of 449535?
5
What is the ten thousands digit of 9219426?
1
What is the tens digit of 19631311?
1
What is the hundred thousands digit of 1290139?
2
What is the hundreds digit of 352968?
9
What is the hundreds digit of 935871?
8
What is the hundreds digit of 470185?
1
What is the hundred thousands digit of 541467?
5
What is the ten thousands digit of 282957?
8
What is the hundreds digit of 2172392?
3
What is the millions digit of 6662776?
6
What is the units digit of 120486?
6
What is the ten millions digit of 13738332?
1
What is the ten thousands digit of 352432?
5
What is the millions digit of 2810136?
2
What is the thousands digit of 856818?
6
What is the tens digit of 157840?
4
What is the ten thousands digit of 204851?
0
What is the ten thousands digit of 8413209?
1
What is the hundred thousands digit of 8430518?
4
What is the thousands digit of 792589?
2
What is the thousands digit of 5284775?
4
What is the hundreds digit of 359008?
0
What is the hundreds digit of 470560?
5
What is the ten millions digit of 14728941?
1
What is the tens digit of 2361964?
6
What is the millions digit of 7968399?
7
What is the thousands digit of 222821?
2
What is the millions digit of 2067303?
2
What is the hundreds digit of 526050?
0
What is the hundreds digit of 3225128?
1
What is the hundred thousands digit of 21526049?
5
What is the units digit of 5528028?
8
What is the ten thousands digit of 119557?
1
What is the tens digit of 1311478?
7
What is the ten thousands digit of 211136?
1
What is the hundred thousands digit of 407153?
4
What is the hundred thousands digit of 5517090?
5
What is the tens digit of 1039821?
2
What is the tens digit of 1388209?
0
What is the hundreds digit of 595882?
8
What is the millions digit of 2380947?
2
What is the ten thousands digit of 157640?
5
What is the hundreds digit of 1189137?
1
What is the thousands digit of 8899117?
9
What is the units digit of 189311?
1
What is the units digit of 3932153?
3
What is the tens digit of 15404936?
3
What is the units digit of 247450?
0
What is the tens digit of 1966147?
4
What is the ten thousands digit of 1408324?
0
What is the thousands digit of 1060682?
0
What is the units digit of 1943722?
2
What is the hundred thousands digit of 2453506?
4
What is the tens digit of 3040821?
2
What is the tens digit of 166819?
1
What is the millions digit of 1318895?
1
What is the millions digit of 1169041?
1
What is the tens digit of 130747?
4
What is the ten thousands digit of 463704?
6
What is the tens digit of 490378?
7
What is the ten thousands digit of 271187?
7
What is the hundreds digit of 4635309?
3
What is the hundreds digit of 32089?
0
What is the ten thousands digit of 270579?
7
What is the thousands digit of 230434?
0
What is the ten thousands digit of 6254241?
5
What is the ten thousands digit of 354850?
5
What is the millions digit of 7336297?
7
What is the ten thousands digit of 1540717?
4
What is the ten thousands digit of 929532?
2
What is the hundred thousands digit of 661873?
6
What is the thousands digit of 223260?
3
What is the hundred thousands digit of 961753?
9
What is the ten thousands digit of 13805011?
0
What is the tens digit of 568147?
4
What is the tens digit of 573923?
2
What is the units digit of 266691?
1
What is the hundred thousands digit of 536727?
5
What is the units digit of 11523000?
0
What is the tens digit of 76000?
0
What is the units digit of 855400?
0
What is the thousands digit of 86332?
6
What is the units digit of 9438527?
7
What is the tens digit of 286825?
2
What is the ten thousands digit of 145987?
4
What is the ten millions digit of 25227941?
2
What is the units digit of 9758?
8
What is the hundreds digit of 1197107?
1
What is the units digit of 77047?
7
What is the ten thousands digit of 1135346?
3
What is the units digit of 462901?
1
What is the hundreds digit of 123605?
6
What is the hundreds digit of 44247?
2
What is the millions digit of 30116794?
0
What is the thousands digit of 436483?
6
What is the ten thousands digit of 256981?
5
What is the millions digit of 1423565?
1
What is the hundred thousands digit of 5979979?
9
What is the ten thousands digit of 263919?
6
What is the hundred thousands digit of 2184901?
1
What is the hundreds digit of 26780?
7
What is the millions digit of 1583087?
1
What is the units digit of 4170037?
7
What is the units digit of 9684925?
5
What is the units digit of 422131?
1
What is the thousands digit of 824885?
4
What is the hundred thousands digit of 13183504?
1
What is the hundred thousands digit of 192367?
1
What is the hundreds digit of 1692898?
8
What is the ten thousands digit of 20157602?
5
What is the thousands digit of 1639298?
9
What is the hundreds digit of 594900?
9
What is the units digit of 16173501?
1
What is the tens digit of 2955047?
4
What is the hundreds digit of 3722414?
4
What is the tens digit of 7054647?
4
What is the ten thousands digit of 3607177?
0
What is the hundreds digit of 168639?
6
What is the hundreds digit of 1770564?
5
What is the units digit of 434358?
8
What is the thousands digit of 107630?
7
What is the thousands digit of 407473?
7
What is the hundreds digit of 12193426?
4
What is the tens digit of 83581?
8
What is the hundreds digit of 9457055?
0
What is the ten thousands digit of 220170?
2
What is the hundred thousands digit of 2726176?
7
What is the hundreds digit of 9530816?
8
What is the hundreds digit of 5133826?
8
What is the ten thousands digit of 170853?
7
What is the thousands digit of 1443683?
3
What is the units digit of 99560?
0
What is the thousands digit of 13001077?
1
What is the thousands digit of 290761?
0
What is the ten thousands digit of 6288189?
8
What is the units digit of 106948?
8
What is the ten thousands digit of 8007365?
0
What is the tens digit of 409795?
9
What is the millions digit of 1462651?
1
What is the units digit of 4109346?
6
What is the ten thousands digit of 103562?
0
What is the thousands digit of 3181644?
1
What is the units digit of 1087118?
8
What is the millions digit of 1007235?
1
What is the ten thousands digit of 18279061?
7
What is the hundred thousands digit of 176669?
1
What is the units digit of 1481384?
4
What is the ten thousands digit of 6832720?
3
What is the hundreds digit of 8977349?
3
What is the thousands digit of 3556286?
6
What is the thousands digit of 769813?
9
What is the thousands digit of 3897122?
7
What is the hundreds digit of 290348?
3
What is the hundreds digit of 300604?
6
What is the units digit of 1609708?
8
What is the hundred thousands digit of 661720?
6
What is the tens digit of 50596?
9
What is the tens digit of 73075?
7
What is the ten thousands digit of 197931?
9
What is the thousands digit of 1722637?
2
What is the hundred thousands digit of 12528836?
5
What is the hundreds digit of 766522?
5
What is the ten thousands digit of 2975708?
7
What is the units digit of 296624?
4
What is the tens digit of 634505?
0
What is the th